{"id":3666,"date":"2021-04-20T02:32:24","date_gmt":"2021-04-20T05:32:24","guid":{"rendered":"https:\/\/www.vivacelina.com\/?post_type=product&#038;p=3666"},"modified":"2022-12-27T19:16:28","modified_gmt":"2022-12-27T22:16:28","slug":"colete-celina","status":"publish","type":"product","link":"https:\/\/www.vivacelina.com\/en\/product\/colete-celina\/","title":{"rendered":"Celina Vest \u2013 Double Sided"},"content":{"rendered":"<p>Double-sided vest with a straight cut and a tie belt. Our Celina Vest is a super versatile piece that can be worn in many different ways and with lots of creativity. Made from sustainable fabric made from recycled cotton and recycled PET bottles, the Celina Vest is an option for vegans. <strong>Comes with two tracks.<\/strong><\/p>","protected":false},"excerpt":{"rendered":"<p>Colete dupla face, com modelagem reta e faixa para amarra\u00e7\u00e3o. Nosso Colete Celina \u00e9 uma pe\u00e7a super vers\u00e1til, podendo ser usado de [&hellip;]<\/p>","protected":false},"featured_media":3684,"template":"","meta":[],"product_brand":[],"product_cat":[58],"product_tag":[],"class_list":{"0":"post-3666","1":"product","2":"type-product","3":"status-publish","4":"has-post-thumbnail","6":"product_cat-sobreposicoes","8":"first","9":"outofstock","10":"shipping-taxable","11":"purchasable","12":"product-type-variable"},"_links":{"self":[{"href":"https:\/\/www.vivacelina.com\/en\/wp-json\/wp\/v2\/product\/3666","targetHints":{"allow":["GET"]}}],"collection":[{"href":"https:\/\/www.vivacelina.com\/en\/wp-json\/wp\/v2\/product"}],"about":[{"href":"https:\/\/www.vivacelina.com\/en\/wp-json\/wp\/v2\/types\/product"}],"wp:featuredmedia":[{"embeddable":true,"href":"https:\/\/www.vivacelina.com\/en\/wp-json\/wp\/v2\/media\/3684"}],"wp:attachment":[{"href":"https:\/\/www.vivacelina.com\/en\/wp-json\/wp\/v2\/media?parent=3666"}],"wp:term":[{"taxonomy":"product_brand","embeddable":true,"href":"https:\/\/www.vivacelina.com\/en\/wp-json\/wp\/v2\/product_brand?post=3666"},{"taxonomy":"product_cat","embeddable":true,"href":"https:\/\/www.vivacelina.com\/en\/wp-json\/wp\/v2\/product_cat?post=3666"},{"taxonomy":"product_tag","embeddable":true,"href":"https:\/\/www.vivacelina.com\/en\/wp-json\/wp\/v2\/product_tag?post=3666"}],"curies":[{"name":"wp","href":"https:\/\/api.w.org\/{rel}","templated":true}]}}

<p>Colete dupla face, com modelagem reta e faixa para amarração. Nosso Colete Celina é uma peça super versátil, podendo ser usado de [&hellip;]</p>
