{"id":3853,"date":"2021-04-20T16:34:08","date_gmt":"2021-04-20T19:34:08","guid":{"rendered":"https:\/\/www.vivacelina.com\/?post_type=product&#038;p=3853"},"modified":"2021-08-02T09:18:32","modified_gmt":"2021-08-02T12:18:32","slug":"lenco-raizes","status":"publish","type":"product","link":"https:\/\/www.vivacelina.com\/en\/product\/lenco-raizes\/","title":{"rendered":"Roots Scarf"},"content":{"rendered":"<p>Rectangular scarf that can be used in many different ways. It undergoes a natural dyeing process, carried out by hand, from raw materials of plant origin, which gives it a unique color and an asymmetrical effect. An option for vegans, as all of its raw materials are free of animal origin. Its fabric is 100% organic cotton, grown in Peru and India and woven in Brazil.<\/p>\n<p>The Viva Celina pieces from C\u00e1psula Ra\u00edzes are naturally dyed and handcrafted in partnership with Ateli\u00ea LuAz, and have bright colors, and their color can change over time and take on new shapes. This is the beauty of life in the form of clothing. Washing your pieces correctly will ensure a longer lifespan for the item.<\/p>\n<p>The pieces in the Roots Collection Capsule were made on a small scale. There will be no replacement of naturally dyed pieces. Pieces with the same models will be launched, but not in the same colors.<\/p>\n<p><img fetchpriority=\"high\" decoding=\"async\" class=\"alignnone wp-image-5148\" src=\"https:\/\/www.vivacelina.com\/wp-content\/uploads\/2021\/04\/Lenco-Raizes.png\" alt=\"\" width=\"574\" height=\"360\" srcset=\"https:\/\/www.vivacelina.com\/wp-content\/uploads\/2021\/04\/Lenco-Raizes.png 1250w, https:\/\/www.vivacelina.com\/wp-content\/uploads\/2021\/04\/Lenco-Raizes-400x251.png 400w, https:\/\/www.vivacelina.com\/wp-content\/uploads\/2021\/04\/Lenco-Raizes-800x501.png 800w, https:\/\/www.vivacelina.com\/wp-content\/uploads\/2021\/04\/Lenco-Raizes-600x376.png 600w\" sizes=\"(max-width: 574px) 100vw, 574px\" \/><\/p>\n<p>&nbsp;<\/p>","protected":false},"excerpt":{"rendered":"<p>Rectangular scarf that can be used in many different ways. It undergoes a natural dyeing process, carried out by hand, [\u2026]<\/p>","protected":false},"featured_media":4981,"template":"","meta":[],"product_brand":[],"product_cat":[84],"product_tag":[],"class_list":{"0":"post-3853","1":"product","2":"type-product","3":"status-publish","4":"has-post-thumbnail","6":"product_cat-acessorios","8":"first","9":"instock","10":"shipping-taxable","11":"purchasable","12":"product-type-variable"},"_links":{"self":[{"href":"https:\/\/www.vivacelina.com\/en\/wp-json\/wp\/v2\/product\/3853","targetHints":{"allow":["GET"]}}],"collection":[{"href":"https:\/\/www.vivacelina.com\/en\/wp-json\/wp\/v2\/product"}],"about":[{"href":"https:\/\/www.vivacelina.com\/en\/wp-json\/wp\/v2\/types\/product"}],"wp:featuredmedia":[{"embeddable":true,"href":"https:\/\/www.vivacelina.com\/en\/wp-json\/wp\/v2\/media\/4981"}],"wp:attachment":[{"href":"https:\/\/www.vivacelina.com\/en\/wp-json\/wp\/v2\/media?parent=3853"}],"wp:term":[{"taxonomy":"product_brand","embeddable":true,"href":"https:\/\/www.vivacelina.com\/en\/wp-json\/wp\/v2\/product_brand?post=3853"},{"taxonomy":"product_cat","embeddable":true,"href":"https:\/\/www.vivacelina.com\/en\/wp-json\/wp\/v2\/product_cat?post=3853"},{"taxonomy":"product_tag","embeddable":true,"href":"https:\/\/www.vivacelina.com\/en\/wp-json\/wp\/v2\/product_tag?post=3853"}],"curies":[{"name":"wp","href":"https:\/\/api.w.org\/{rel}","templated":true}]}}

<p>Rectangular scarf that can be used in many different ways. It undergoes a natural dyeing process, carried out by hand, from raw materials of plant origin, which gives it a unique color and an asymmetrical effect. An option for vegans, as all of its raw materials are free of animal origin. Its fabric is 100% organic cotton, grown in Peru and India and woven in Brazil.</p>
<p>The Viva Celina pieces from Cápsula Raízes are naturally dyed and handcrafted in partnership with Ateliê LuAz, and have bright colors, and their color can change over time and take on new shapes. This is the beauty of life in the form of clothing. Washing your pieces correctly will ensure a longer lifespan for the item.</p>
<p>The pieces in the Roots Collection Capsule were made on a small scale. There will be no replacement of naturally dyed pieces. Pieces with the same models will be launched, but not in the same colors.</p>
<p><img fetchpriority="high" decoding="async" class="alignnone wp-image-5148" src="https://www.vivacelina.com/wp-content/uploads/2021/04/Lenco-Raizes.png" alt="" width="574" height="360" srcset="https://www.vivacelina.com/wp-content/uploads/2021/04/Lenco-Raizes.png 1250w, https://www.vivacelina.com/wp-content/uploads/2021/04/Lenco-Raizes-400x251.png 400w, https://www.vivacelina.com/wp-content/uploads/2021/04/Lenco-Raizes-800x501.png 800w, https://www.vivacelina.com/wp-content/uploads/2021/04/Lenco-Raizes-600x376.png 600w" sizes="(max-width: 574px) 100vw, 574px" /></p>
<p>&nbsp;</p>
